 (-1 - -20)
10
What is the value of 8 - (3 + -4 + 11 + 8)?
-10
Evaluate -43 + (-4 - -6) + 387 + -380.
-34
What is the value of -3 - ((1 - (8 + (0 - -3))) + 2)?
5
Evaluate -31 + 3 + -183 + 247.
36
What is -29 + 4 + 4 + 6 - 11 - -3?
-23
Evaluate 44 + -43 - (-12 + 2 - -2) - 3.
6
Calculate -8 - -9 - (41 - 28).
-12
Evaluate (-2 - (2 + 6) - (-2 + -2)) + 7.
1
What is -2 - (-4 + 9 - (1 + 2 - -3))?
-1
What is the value of (-1 - -7) + (50 + -31 - (-6 + 14))?
17
Calculate 36 - (-3 - 15 - -45).
9
Calculate -1391 + 1397 - (0 + -2 + 16).
-8
Evaluate (19 - (-9 - -31)) + -9.
-12
What is the value of 1 - -9 - (-21 + 70 + -26)?
-13
What is 25 + 7 + -17 + 7 + -4 + -4?
14
3 + -5 + (23 + -10 - 0)
11
-16 + (-4 - (3 + 2 + -7))
-18
-5 + (1 - 3) + 1 + 5
-1
Calculate 4 - (0 + -6 + 5).
5
Evaluate 59 - 58 - (1 + (-1 - 0) + -8).
9
0 + -5 + -4 + 4 + -6
-11
Evaluate -20 + 2 + (6 - 19) + 7 + 1.
-23
What is the value of -38 + 9 + 3 - (-3 + 5 + -6)?
-22
What is the value of (-24 - (5 - 37)) + (0 - 22)?
-14
Evaluate 45 - (51 - (40 - 9)).
25
What is the value of 5 + (-5 - (-24 + 50 - (2 - -2)))?
-22
What is the value of 1 + (5 - (4 + -4 + -3))?
9
What is the value of (7 + (-6 - -3) - 2) + -5 - 14?
-17
What is (1 - 19) + (-282 - -289)?
-11
What is 2 + 2 + -10 + -1 + 0 + 4?
-3
Calculate 2 + (6 - (-3 + -3 - -3)).
11
Evaluate 2 + (0 - -26 - (-396 - -404)).
20
Calculate 21 - ((33 - 35) + (5 - -6)).
12
What is the value of (32 - 19) + -34 + 16?
-5
What is the value of -21 + -17 + 83 + -17?
28
What is the value of (4 + (-5 - -7) - 15) + -1 + 1?
-9
Evaluate -19 + -14 + 15 - (1 + -3).
-16
Calculate 32 + (1 - (-2 - 8) - 21).
22
2 - ((16 - (4 - 2)) + -4)
-8
Evaluate 1 + 19 - 10 - 6.
4
Evaluate 17 - (-7 + 14 + (-1 - -3)).
8
(-34 - 1) + -11 + 26
-20
What is -19 - (13 + -13 + 6)?
-25
What is the value of 58 + -39 + -19 - -13?
13
-23 - ((-27 - -2) + -23)
25
Evaluate -12 + (19 - 12) + -1 + -3.
-9
What is -1 + 0 - -7 - (48 + (42 - 84))?
0
-2 - -6 - (-542 + 534)
12
What is the value of 12 - (-17 - (-26 - -13))?
16
Calculate -2 + (-1 - -2) - (-10 - (18 + -34)).
-7
What is -12 - -7 - -12 - 6 - -2?
3
What is (-1 - (-1 - 0) - -2) + (-448 - -431)?
-15
What is -1 + 1 + 35 + 1 - (-482 + 494)?
24
Evaluate 5 + 18 - (-1 + -2 + 11 - 5).
20
Evaluate 9 + (3 - -4) + -2 + -5 - 10.
-1
-4 + -5 - -12 - -4
7
Evaluate -101 + 103 - (2 - 2 - 27).
29
What is the value of 11 + (-14 - 22) - 3?
-28
Calculate (-3 - -1) + (66 - 61).
3
Calculate -27 + (-39 - (-1 + -27)).
-38
7 - (-11 - 9 - -11 - -28)
-12
What is -14 + (162 + -146 - (-9 + 0))?
11
13 + 14 - 9 - 8
10
What is (-1 - (-3 + -4 + 12)) + (1 - -23)?
18
What is -19 - (21 - -2 - 14) - (-6 + -2)?
-20
1 + 25 + 11 + -23 + 11
25
-18 - ((-18 - -4) + 6 + -4)
-6
What is the value of -15 + (21 - (-7 + 12))?
1
Calculate (-11 - 12) + (-9 - -10).
-22
What is the value of 162 - 171 - (5 + (4 - 4))?
-14
What is the value of 69 + -69 + (-4 - 21)?
-25
What is -146 - -141 - ((0 - 3) + -11)?
9
Calculate (-21 - -36) + (-5 - (-1 - -5)).
6
What is -23 + 32 + 9 + -6 + -9 + -1?
2
Evaluate 37 + -67 + -8 + 66.
28
What is the value of (-18 - -26 - 1) + (-1 - -2)?
8
What is 6 + 3 + -3 + -17 - 10?
-21
Evaluate -8 + -14 + (13 - -9).
0
Evaluate 303 - 290 - (42 + -2).
-27
Evaluate -9 + -4 + 10 + 11.
8
What is the value of -11 - (-27 + 9 + -2)?
9
-9 + (10 - (-25 + (-12 - -21)))
17
-566 - -576 - ((0 - 1) + 9)
2
Evaluate 6 - ((-7 - 1) + -5 + 1 + 7).
11
-8 - (15 - (-9 - (-15 + 8)))
-25
What is -65 - -70 - (1 + -1 + 2)?
3
What is 13 + -8 + -3 + -1 + (4 - 1)?
4
6 + -7 + 2 + 3 + (-2 - -5)
7
-13 - (-11 + 1 - 10)
7
What is the value of -4 + (-2 - -3) + -23 + -8?
-34
What is the value of 82 + -66 - (-4 - (-32 - -3))?
-9
What is -16 - (11 - 9 - 5)?
-13
What is the value of 17 + (4 - (19 + -9)) - (4 - 3)?
10
What is the value of -13 + -2 + 44 + -32?
-3
Evaluate (-41 - -50) + -24 + 9.
-6
Evaluate -8 + 2 + (-1 + 1 + 0 - -2).
-4
What is the value of 14 + -8 + (19 - (4 + 16))?
5
What is 8 + 6 + (9 - 3) + (-11 - -5)?
14
Calculate 2 - 7 - (604 + -601).
-8
Calculate 65 - 38 - 24 - (1 - 1 - 4).
7
What is the value of (-71 - -77) + (3 - (2 - 2))?
9
Evaluate -18 - ((1 - -4) + 17 + -29).
-11
Calculate -18 - -29 - 3 - -5.
13
Evaluate 6 + (6 - (2 + 8)).
2
9 - (23 - 19 - (-2 - (-8 + 3)))
8
Evaluate (-10 - (-2 - 29)) + -12.
9
Calculate -7 + 6 + (-18 - (-11 + -3)).
-5
Evaluate 12 - (5 + -1) - 7.
1
Evaluate 212 + -243 + 1 + 6.
-24
(-42 - (-41 + 23)) + 4
-20
What is the value of -40 - (17 - 83) - 44?
-18
Calculate -76 - -79 - (12 + 0) - 4.
-13
What is the value of -5 + 0 + 6 + -42 + 25?
-16
Calculate (1 - 15) + 16 + (1 - -14).
17
Calculate 6 - ((5 - 0) + 25 + -19).
-5
Calculate 25 + -17 + 14 - 32.
-10
What is 25 - ((2 + -6 - 7) + -6 + 9)?
33
Calculate (-16 - (-7 + 1) - -3) + (-3 - 2).
-12
345 + -317 - (38 + -3)
-7
What is the value of 19 - (-34 - 6 - -27)?
32
Calculate 8 - (-6 + 2) - ((-6 - 0) + 8).
10
What is the value of (4 - -1) + (-2 - (-6 - 1))?
10
What is 7 + 13 + -23 - -5?
2
Calculate 1 + (9 + -6 - ((12 - 6) + 4)).
-6
What is 0 + 11 - (-3 + -19 + 25)?
8
7 - (0 + (-2 - -3) + -8 + -2)
16
What is (-3 - -1 - -5) + 38 + -53?
-12
What is -18 + -18 + 8 + 16?
-12
Evaluate -2 - 20 - ((0 - 19) + 8).
-11
What is the value of 17 + (2 - 1) + -12 + 18 + -11?
13
What is -5 - (-2 + (4 - 3) - (75 - 59))?
12
What is the value of (21 - -2) + -29 - (0 + -4)?
-2
Calculate 10 - 10 - (-3 - 6).
9
24 + -14 + -12 + -6 + 5
-3
Evaluate (-1 - -1) + -15 - (-205 - -182).
8
Evaluate 4 - (1 + 0 - -13).
-10
3 - (-30 + 28 - (2 + -5))
2
What is (7 - -1) + 47 + -114 + 48?
-11
Evaluate 1 + -10 + 23 + (-22 - 7).
-15
What is the value of (17 - -1) + -182 + 169 - (0 + 8)?
-3
-12 - -7 - (12 - 16)
-1
What is the value of (20 - (29 - 14)) + 10?
15
27 + 5 + -1 + -6 + -6 - 3
16
What is the value of -2 + -2 + (-58 - -63)?
1
Calculate 8 - (1 + 1) - (26 - 24).
4
What is the value of (0 - -20) + (59 - 51 - 25)?
3
(-6 - (1 - 10)) + (3 - (3 + -3))
6
What is the value of 16 - (-22 - -39 - 33)?
32
Evaluate (-1 - (8 - -5)) + 7 + 19 + -4.
8
0 + 3 + -1 + (11 - 0) + -3
10
What is -14 + 34 + 10 + -29?
1
Evaluate 20 + 2 - (-40 - -57).
5
Calculate 0 - (3 + -6 - (-4 - (-25 + 7))).
17
What is the value of -31 - (17 + -23) - -36?
11
Calculate -421 + 420 + (1 - -5).
5
What is the value of -28 + 2 + (73 - 60) + (-3 - 3)?
-19
Calculate 21 + -27 + -2 + -1 + 11.
2
1 - ((0 - 0) + 1)
0
Calculate (-2 - (62 + -34)) + -8.
-38
Evaluate 0 + (0 - 19) + -1046 + 1047.
-18
Calculate 0 + -15 - (8 - -3 - 24).
-2
Evaluate 19 - (-13 - -10 - -5).
17
Calculate 3 + (-3 - (4 - (7 - 14))).
-11
Calculate (48 + -46 - (-14 + -2)) + (4 - 4).
18
Calculate -20 - (3 - 32) - -2.
11
Evaluate 8 - (3 - (-10 - 5) - (4 + -1)).
-7
Calculate (25 - -1) + (-63 - -47 - (1 - 11)).
20
-1 + -23 - (-97 - -77)
-4
What is 1 - ((10 - 13) + (3 - (2 - -1)))?
4
Evaluate (-26 - (47 - 87)) + -1 + 18.
31
Calculate 7 + (-4 - (-5 - -8)) - -9.
9
What is 6 + -1 + -6 + 8 + 4 + 1?
12
Evaluate -4 - ((-1 - 0) + (19 - 25)).
3
What is the value of -13 + 1 - (369 + -381)?
0
What is the value of 12 + -1 + (-93 - (-188 - -97))?
9
What is the value of -44 - -32 - (-2 + (-1 - (-2 - 1)))?
-12
Evaluate -26 + 36 + 7 + -10 + 1 + -13.
-5
Calculate -10 + (-6 + 44 - 17).
11
What is the value of 1 - (-28 + 11 - -8)?
10
Evaluate (17 - (-2 + (7 - 9) + -3)) + -4.
20
Evaluate -1 - (13 + -8) - (0 - 27).
21
Calculate -48 - -58 - (-1 + 2) - 8.
1
Evaluate -33 - (-17 - (-32 - -26)).
-22
-39 - (-19 - (28 + -23))
-15
What is -22 + (-4 - (14 + -11 + -11 - 6))?
-12
What is -22 - -18 - (-3 - 1 - -19)?
-19
Calculate (-65 - -54 - (-2 + 3 - 2)) + 5.
-5
Calculate -25 + 14 - (0 - (-2 + -3) - 8).
-8
Calculate (5 - ((3 - 0) + -7)) + (57 - 78).
-12
Calculate (0 - 4) + -3 + 27 - 6.
14
-9 - 1 - (29 - 31) - 4
-12
Calculate 2 + 2 + -9 + 11 + -8 - -29.
27
What is the value of 35 - (1 + -4 + 6) - (216 + -212)?
28
Evaluate -1 + 0 + 8 - (4 + (-20 - -14)).
9
Evaluate (146 + -141 - (0 - -2)) + -1 + -4.
-2
Evaluate (0 - 8) + 26 + -31 + 3.
-10
-2 - 0 - 2 - 0 - (40 + -46)
2
What is the value of -10 + (26 - -10 - 9)?
17
(-24 + 19 - (-3 + 0)) + 3 - 6
-5
What is the value of 3 + (9 + -13 + 1 - -15)?
15
What is -3 + -20 - (18 + -32)?
-9
-10 + (17 - 32) + 9 + -10
-26
(-8 - -20) + -5 - 5
2
Evaluate -14 + 16 + 26 + -14.
14
Evaluate (5 - -1 - (-3 - -3)) + -516 + 524.
14
Evaluate 26 - (-6 - (-26 - -1